{"id":18,"date":"2019-01-28T15:31:46","date_gmt":"2019-01-28T14:31:46","guid":{"rendered":"http:\/\/xn--institut-beaut-reims-o2b.com\/?page_id=18"},"modified":"2026-03-24T21:09:20","modified_gmt":"2026-03-24T20:09:20","slug":"informations-clientele","status":"publish","type":"page","link":"https:\/\/xn--institut-beaut-reims-o2b.com\/index.php\/informations-clientele\/","title":{"rendered":"Informations client\u00e8le"},"content":{"rendered":"<div id=\"pl-18\"  class=\"panel-layout\" ><div id=\"pg-18-0\"  class=\"panel-grid panel-no-style\" ><div id=\"pgc-18-0-0\"  class=\"panel-grid-cell\" ><div id=\"panel-18-0-0-0\" class=\"so-panel widget widget_sow-editor panel-first-child panel-last-child\" data-index=\"0\" ><div\n\t\t\t\n\t\t\tclass=\"so-widget-sow-editor so-widget-sow-editor-base\"\n\t\t\t\n\t\t><h3 class=\"widget-title\">Avantages<\/h3>\n<div class=\"siteorigin-widget-tinymce textwidget\">\n\t<ul>\n<li><strong>Carte de fid\u00e9lit\u00e9 Inm\u2019AromaSens :<\/strong><br \/>\nVotre fid\u00e9lit\u00e9 r\u00e9compens\u00e9e ! Profitez de 10 % de remise sur le CUMUL TOTAL de vos prestations* effectu\u00e9es sur 10 RDV \u00a0sur 1 an \u00e0 valoir sur 1 prestation** !<br \/>\nBon d\u2019achat valable 3 mois \u00a0(perte de validit\u00e9 au-del\u00e0 de cette date)\u00a0utilisable en une seule fois sur une prestation pour un montant\u00a0sup\u00e9rieur ou \u00e9gal \u00e0 la valeur du bon. Pas de rendu de monnaie ni de remboursement.<\/li>\n<\/ul>\n<h6>*\u00a0Hors forfaits, promotions, achats produits<br \/>\n** sauf \u00e9pilations<\/h6>\n<p><img loading=\"lazy\" decoding=\"async\" class=\"wp-image-400 size-full aligncenter\" src=\"http:\/\/xn--institut-beaut-reims-o2b.com\/wp-content\/uploads\/2019\/02\/Inmaromasens-cartes-de-fidelite.png\" alt=\"\" width=\"700\" height=\"278\" srcset=\"https:\/\/xn--institut-beaut-reims-o2b.com\/wp-content\/uploads\/2019\/02\/Inmaromasens-cartes-de-fidelite.png 700w, https:\/\/xn--institut-beaut-reims-o2b.com\/wp-content\/uploads\/2019\/02\/Inmaromasens-cartes-de-fidelite-600x238.png 600w, https:\/\/xn--institut-beaut-reims-o2b.com\/wp-content\/uploads\/2019\/02\/Inmaromasens-cartes-de-fidelite-300x119.png 300w\" sizes=\"auto, (max-width: 700px) 100vw, 700px\" \/><\/p>\n<ul>\n<li><strong>Offre parrainage :\u00a0Plus vous parrainez, plus vous gagnez !<\/strong><br \/>\nRecevez un ch\u00e8que cadeau* de 20 euros pour chaque ami(e)** parrain\u00e9(e) et le(s) filleul(s) se verront attribuer un ch\u00e8que cadeau* de 10 euros valable 3 mois\u00a0lors de leur premier rendez-vous \u00e0 valoir sur leur prochaine prestation !<\/p>\n<h6>* Non remboursable, non \u00e9changeable, non transmissible et non cumulable avec une offre en cours ou un forfait (exclus achats de produits)<br \/>\n** demeurant \u00e0 REIMS ou p\u00e9riph\u00e9rie<\/h6>\n<p><img loading=\"lazy\" decoding=\"async\" class=\"aligncenter size-medium wp-image-2769\" src=\"https:\/\/xn--institut-beaut-reims-o2b.com\/wp-content\/uploads\/2022\/02\/272887614_1818003425062965_8236626222838077200_n-209x300.jpg\" alt=\"\" width=\"209\" height=\"300\" srcset=\"https:\/\/xn--institut-beaut-reims-o2b.com\/wp-content\/uploads\/2022\/02\/272887614_1818003425062965_8236626222838077200_n-209x300.jpg 209w, https:\/\/xn--institut-beaut-reims-o2b.com\/wp-content\/uploads\/2022\/02\/272887614_1818003425062965_8236626222838077200_n-715x1024.jpg 715w, https:\/\/xn--institut-beaut-reims-o2b.com\/wp-content\/uploads\/2022\/02\/272887614_1818003425062965_8236626222838077200_n-768x1100.jpg 768w, https:\/\/xn--institut-beaut-reims-o2b.com\/wp-content\/uploads\/2022\/02\/272887614_1818003425062965_8236626222838077200_n-1072x1536.jpg 1072w, https:\/\/xn--institut-beaut-reims-o2b.com\/wp-content\/uploads\/2022\/02\/272887614_1818003425062965_8236626222838077200_n-600x859.jpg 600w, https:\/\/xn--institut-beaut-reims-o2b.com\/wp-content\/uploads\/2022\/02\/272887614_1818003425062965_8236626222838077200_n.jpg 1080w\" sizes=\"auto, (max-width: 209px) 100vw, 209px\" \/><\/p>\n<\/li>\n<\/ul>\n<p><img loading=\"lazy\" decoding=\"async\" class=\"wp-image-402 size-full aligncenter\" src=\"http:\/\/xn--institut-beaut-reims-o2b.com\/wp-content\/uploads\/2019\/02\/Inmaromasens-cheque-cadeau.png\" alt=\"\" width=\"700\" height=\"278\" srcset=\"https:\/\/xn--institut-beaut-reims-o2b.com\/wp-content\/uploads\/2019\/02\/Inmaromasens-cheque-cadeau.png 700w, https:\/\/xn--institut-beaut-reims-o2b.com\/wp-content\/uploads\/2019\/02\/Inmaromasens-cheque-cadeau-600x238.png 600w, https:\/\/xn--institut-beaut-reims-o2b.com\/wp-content\/uploads\/2019\/02\/Inmaromasens-cheque-cadeau-300x119.png 300w\" sizes=\"auto, (max-width: 700px) 100vw, 700px\" \/><\/p>\n<\/div>\n<\/div><\/div><\/div><\/div><div id=\"pg-18-1\"  class=\"panel-grid panel-no-style\" ><div id=\"pgc-18-1-0\"  class=\"panel-grid-cell\" ><div id=\"panel-18-1-0-0\" class=\"so-panel widget widget_sow-editor panel-first-child panel-last-child\" data-index=\"1\" ><div\n\t\t\t\n\t\t\tclass=\"so-widget-sow-editor so-widget-sow-editor-base\"\n\t\t\t\n\t\t><h3 class=\"widget-title\">R\u00e8glement<\/h3>\n<div class=\"siteorigin-widget-tinymce textwidget\">\n\t<p>Les r\u00e8glements peuvent \u00eatre effectu\u00e9s par carte bancaire, ch\u00e8que, esp\u00e8ce.<\/p>\n<\/div>\n<\/div><\/div><\/div><\/div><div id=\"pg-18-2\"  class=\"panel-grid panel-no-style\" ><div id=\"pgc-18-2-0\"  class=\"panel-grid-cell\" ><div id=\"panel-18-2-0-0\" class=\"so-panel widget widget_sow-editor panel-first-child panel-last-child\" data-index=\"2\" ><div\n\t\t\t\n\t\t\tclass=\"so-widget-sow-editor so-widget-sow-editor-base\"\n\t\t\t\n\t\t><h3 class=\"widget-title\">Autres informations<\/h3>\n<div class=\"siteorigin-widget-tinymce textwidget\">\n\t<p>\"\ud835\udc12\ud835\udc00\ud835\udc12 \ud835\udc03\ud835\udc04 \ud835\udc03\ud835\udc04\ud835\udc02\ud835\udc0e\ud835\udc0c\ud835\udc0f\ud835\udc11\ud835\udc04\ud835\udc12\ud835\udc12\ud835\udc08\ud835\udc0e\ud835\udc0d \ud835\udc00\ud835\udc15\ud835\udc00\ud835\udc0d\ud835\udc13 \ud835\udc0b\ud835\udc04\ud835\udc12 \ud835\udc12\ud835\udc0e\ud835\udc08\ud835\udc0d\ud835\udc12\"<\/p>\n<p>Certains de mes soins visage d\u00e9buteront par un \"SAS DE DECOMPRESSION\" alliant vibrations et sons apaisants avec bol chantant tib\u00e9tain, un petit exercice de sophrologie ou\u00a0 de respiration ou de visualisation et de l'olfactoth\u00e9rapie (pouvoir des senteurs des huiles essentielles) pour favoriser la d\u00e9tente, le l\u00e2cher prise, r\u00e9duire le stress et am\u00e9liorer le bien-\u00eatre global pendant les soins,\u00a0 qui vous sera OFFERT en plus de mes modelages du buste, mains et\/ou pieds, et\/ou cuir chevelu.<\/p>\n<p>Ces soins \"Premium\" sont mat\u00e9rialis\u00e9s sur mon site internet devant une prestation soin visage avec l'ic\u00f4ne suivant :<\/p>\n<figure class=\"centered-image\"><img loading=\"lazy\" decoding=\"async\" class=\"aligncenter size-full wp-image-3777\" src=\"https:\/\/xn--institut-beaut-reims-o2b.com\/wp-content\/uploads\/2024\/02\/Logo-femme-rose2.png\" alt=\"\" width=\"65\" height=\"42\" \/><\/figure>\n<p><img loading=\"lazy\" decoding=\"async\" class=\"alignnone wp-image-517\" src=\"http:\/\/xn--institut-beaut-reims-o2b.com\/wp-content\/uploads\/2019\/02\/flag-2292687.png\" alt=\"\" width=\"150\" height=\"102\" \/><strong>Hablo espa\u00f1ol<\/strong> (je parle espagnol)<\/p>\n<p><strong>Options :<\/strong> indissociable d\u2019un soin visage ou corps<br \/>\n<strong>Les croisi\u00e8res :<\/strong> indissociables et non modifiables<br \/>\n<strong>H.V. :<\/strong> Huile V\u00e9g\u00e9tale<br \/>\n<strong>H.E. :<\/strong> Huile Essentielle<\/p>\n<p><strong>Mes modelages et prestations sont r\u00e9alis\u00e9s dans un but exclusivement esth\u00e9tique et de confort \u00e0 l\u2019exclusion de toute finalit\u00e9 m\u00e9dicale, th\u00e9rapeutique ou \u00e0 connotation sexuelle !<\/strong><\/p>\n<p><strong>Retard :<\/strong> Si vous \u00eates en retard \u00e0 un RDV et afin d\u2019\u00e9viter d\u2019\u00eatre p\u00e9nalis\u00e9(e), avertissez-moi le plus t\u00f4t possible. J\u2019essaierai de vous satisfaire en fonction de mon planning. N\u00e9anmoins, il se peut que je sois dans l\u2019obligation d\u2019abr\u00e9ger le temps consacr\u00e9 \u00e0 votre soin proportionnellement \u00e0 votre retard ou de vous le reporter.<br \/>\n<strong>Sant\u00e9 :<\/strong> Veuillez me signaler si vous \u00eates enceinte, \u00a0tout probl\u00e8me de sant\u00e9 (troubles circulatoires, allergies\u2026) ou si vous prenez un traitement m\u00e9dical pouvant faire l\u2019objet qu\u2019un des soins soit contre-indiqu\u00e9.<br \/>\n<strong>Portable :<\/strong> Veuillez l\u2019\u00e9teindre durant un soin relaxant.<\/p>\n<\/div>\n<\/div><\/div><\/div><\/div><div id=\"pg-18-3\"  class=\"panel-grid panel-no-style\" ><div id=\"pgc-18-3-0\"  class=\"panel-grid-cell\" ><div id=\"panel-18-3-0-0\" class=\"so-panel widget widget_sow-image panel-first-child panel-last-child\" data-index=\"3\" ><div\n\t\t\t\n\t\t\tclass=\"so-widget-sow-image so-widget-sow-image-default-8b5b6f678277-18\"\n\t\t\t\n\t\t>\n<div class=\"sow-image-container\">\n\t\t<img \n\tsrc=\"https:\/\/xn--institut-beaut-reims-o2b.com\/wp-content\/uploads\/2019\/03\/handicap.png\" width=\"151\" height=\"189\" sizes=\"(max-width: 151px) 100vw, 151px\" title=\"Inm&rsquo;AromaSens-handicap\" alt=\"\" \t\tclass=\"so-widget-image\"\/>\n\t<\/div>\n\n<\/div><\/div><\/div><div id=\"pgc-18-3-1\"  class=\"panel-grid-cell\" ><div id=\"panel-18-3-1-0\" class=\"so-panel widget widget_sow-editor panel-first-child panel-last-child\" data-index=\"4\" ><div\n\t\t\t\n\t\t\tclass=\"so-widget-sow-editor so-widget-sow-editor-base\"\n\t\t\t\n\t\t>\n<div class=\"siteorigin-widget-tinymce textwidget\">\n\t<p>Je me d\u00e9place au domicile de personnes handicap\u00e9es ou \u00e0 mobilit\u00e9 r\u00e9duite pour toutes prestations ne n\u00e9cessitant pas de table de soins (soins mains et pieds, \u00e9pilations visage, maquillage).<\/p>\n<p>Tarif d\u00e9placement Reims : majoration de 20 \u20ac\u00a0 hors frais de stationnement.<\/p>\n<p>Tarif d\u00e9placement ext\u00e9rieur Reims :\u00a0\u00a01\u20ac\/mn aller + frais kilom\u00e9triques 0,697\/km aller\/retour depuis l\u2019Institut (bar\u00e8me fiscal 2025) hors p\u00e9ages, stationnement\u2026<\/p>\n<\/div>\n<\/div><\/div><\/div><\/div><\/div>","protected":false},"excerpt":{"rendered":"<p>Carte de fid\u00e9lit\u00e9 Inm\u2019AromaSens : Votre fid\u00e9lit\u00e9 r\u00e9compens\u00e9e ! Profitez de 10 % de remise sur le CUMUL TOTAL de vos prestations* effectu\u00e9es sur 10 RDV \u00a0sur 1 an \u00e0 valoir sur 1 prestation** ! Bon d\u2019achat valable 3 mois \u00a0(perte de validit\u00e9 au-del\u00e0 de cette date)\u00a0utilisable en une seule fois sur une prestation pour [&hellip;]<\/p>\n","protected":false},"author":1,"featured_media":0,"parent":0,"menu_order":0,"comment_status":"closed","ping_status":"closed","template":"","meta":{"_uag_custom_page_level_css":"","_exactmetrics_skip_tracking":false,"_exactmetrics_sitenote_active":false,"_exactmetrics_sitenote_note":"","_exactmetrics_sitenote_category":0,"iawp_total_views":23,"footnotes":""},"class_list":["post-18","page","type-page","status-publish","hentry"],"uagb_featured_image_src":{"full":false,"thumbnail":false,"medium":false,"medium_large":false,"large":false,"1536x1536":false,"2048x2048":false,"widget-thumbnail":false,"mailpoet_newsletter_max":false,"woocommerce_thumbnail":false,"woocommerce_single":false,"woocommerce_gallery_thumbnail":false,"sow-carousel-default":false},"uagb_author_info":{"display_name":"admin8743","author_link":"https:\/\/xn--institut-beaut-reims-o2b.com\/index.php\/author\/admin8743\/"},"uagb_comment_info":0,"uagb_excerpt":"Carte de fid\u00e9lit\u00e9 Inm\u2019AromaSens : Votre fid\u00e9lit\u00e9 r\u00e9compens\u00e9e ! Profitez de 10 % de remise sur le CUMUL TOTAL de vos prestations* effectu\u00e9es sur 10 RDV \u00a0sur 1 an \u00e0 valoir sur 1 prestation** ! Bon d\u2019achat valable 3 mois \u00a0(perte de validit\u00e9 au-del\u00e0 de cette date)\u00a0utilisable en une seule fois sur une prestation pour\u2026","_links":{"self":[{"href":"https:\/\/xn--institut-beaut-reims-o2b.com\/index.php\/wp-json\/wp\/v2\/pages\/18","targetHints":{"allow":["GET"]}}],"collection":[{"href":"https:\/\/xn--institut-beaut-reims-o2b.com\/index.php\/wp-json\/wp\/v2\/pages"}],"about":[{"href":"https:\/\/xn--institut-beaut-reims-o2b.com\/index.php\/wp-json\/wp\/v2\/types\/page"}],"author":[{"embeddable":true,"href":"https:\/\/xn--institut-beaut-reims-o2b.com\/index.php\/wp-json\/wp\/v2\/users\/1"}],"replies":[{"embeddable":true,"href":"https:\/\/xn--institut-beaut-reims-o2b.com\/index.php\/wp-json\/wp\/v2\/comments?post=18"}],"version-history":[{"count":64,"href":"https:\/\/xn--institut-beaut-reims-o2b.com\/index.php\/wp-json\/wp\/v2\/pages\/18\/revisions"}],"predecessor-version":[{"id":5793,"href":"https:\/\/xn--institut-beaut-reims-o2b.com\/index.php\/wp-json\/wp\/v2\/pages\/18\/revisions\/5793"}],"wp:attachment":[{"href":"https:\/\/xn--institut-beaut-reims-o2b.com\/index.php\/wp-json\/wp\/v2\/media?parent=18"}],"curies":[{"name":"wp","href":"https:\/\/api.w.org\/{rel}","templated":true}]}}