{"id":6050,"date":"2026-04-13T15:49:42","date_gmt":"2026-04-13T13:49:42","guid":{"rendered":"https:\/\/xn--institut-beaut-reims-o2b.com\/?page_id=6050"},"modified":"2026-04-22T23:12:26","modified_gmt":"2026-04-22T21:12:26","slug":"maquillage-conseils-en-maquillage-adolescent","status":"publish","type":"page","link":"https:\/\/xn--institut-beaut-reims-o2b.com\/index.php\/maquillage-conseils-en-maquillage-adolescent\/","title":{"rendered":"Maquillage Junior\/Ado &#8211; Conseils en maquillage Ado &#8211; Colorim\u00e9trie Reims"},"content":{"rendered":"<div id=\"pl-6050\"  class=\"panel-layout\" ><div id=\"pg-6050-0\"  class=\"panel-grid panel-no-style\" ><div id=\"pgc-6050-0-0\"  class=\"panel-grid-cell\" ><div id=\"panel-6050-0-0-0\" class=\"so-panel widget widget_sow-editor panel-first-child panel-last-child\" data-index=\"0\" ><div\n\t\t\t\n\t\t\tclass=\"so-widget-sow-editor so-widget-sow-editor-base\"\n\t\t\t\n\t\t>\n<div class=\"siteorigin-widget-tinymce textwidget\">\n\t<p style=\"text-align: center;\"><img loading=\"lazy\" decoding=\"async\" class=\"aligncenter size-full wp-image-3777\" src=\"https:\/\/xn--institut-beaut-reims-o2b.com\/wp-content\/uploads\/2024\/02\/Logo-femme-rose2.png\" alt=\"\" width=\"65\" height=\"42\" \/><\/p>\n<h3 style=\"text-align: center;\"><strong>Maquillage Junior Reims \"Premi\u00e8re mise en beaut\u00e9\" (8\u201311 ans)<\/strong><\/h3>\n<p>&nbsp;<\/p>\n<p data-start=\"314\" data-end=\"370\"><strong data-start=\"314\" data-end=\"370\">Une premi\u00e8re exp\u00e9rience maquillage douce et adapt\u00e9e<\/strong><\/p>\n<p data-start=\"372\" data-end=\"490\">Un moment cocooning pour se sentir jolie tout en respectant la peau jeune. Un maquillage tr\u00e8s l\u00e9ger, naturel et lumineux.<\/p>\n<p data-start=\"372\" data-end=\"490\">Id\u00e9al pour : anniversaire, f\u00eate ou moment sp\u00e9cial.<\/p>\n<p data-start=\"372\" data-end=\"490\">\n<table id=\"tablepress-61\" class=\"tablepress tablepress-id-61\">\n<tbody class=\"row-hover\">\n<tr class=\"row-1\">\n\t<td class=\"column-1\"><\/td><td class=\"column-2\"><b>Maquillage junior mise en beaut\u00e9 (de 8 \u00e0 11 ans)<\/b><\/td><td class=\"column-3\">30,00 \u20ac<\/td><td class=\"column-4\">20'<\/td>\n<\/tr>\n<tr class=\"row-2\">\n\t<td class=\"column-1\"><\/td><td class=\"column-2\"><\/td><td class=\"column-3\"><\/td><td class=\"column-4\"><\/td>\n<\/tr>\n<\/tbody>\n<\/table>\n<!-- #tablepress-61 from cache --><\/p>\n<p data-start=\"693\" data-end=\"768\"><img loading=\"lazy\" decoding=\"async\" class=\"aligncenter size-full wp-image-3777\" src=\"https:\/\/xn--institut-beaut-reims-o2b.com\/wp-content\/uploads\/2024\/02\/Logo-femme-rose2.png\" alt=\"\" width=\"65\" height=\"42\" \/><\/p>\n<h3 style=\"text-align: center;\" data-start=\"693\" data-end=\"768\"><strong>Maquillage Ado Reims \"Sublimation naturelle\" (12\u201317 ans)<\/strong><\/h3>\n<p>&nbsp;<\/p>\n<p data-start=\"850\" data-end=\"911\"><strong data-start=\"850\" data-end=\"911\">Un maquillage sur-mesure pour sublimer la beaut\u00e9 naturelle des adolescentes, tout en respectant leur peau.<\/strong><\/p>\n<p data-start=\"1229\" data-end=\"1294\">Id\u00e9al pour : premi\u00e8res sorties, confiance en soi<\/p>\n<p data-start=\"1229\" data-end=\"1294\">\n<table id=\"tablepress-63\" class=\"tablepress tablepress-id-63\">\n<tbody class=\"row-hover\">\n<tr class=\"row-1\">\n\t<td class=\"column-1\"><\/td><td class=\"column-2\"><b>Maquillage jour (12-17 ans)<\/b><\/td><td class=\"column-3\">40,00 \u20ac<\/td><td class=\"column-4\">30'<\/td>\n<\/tr>\n<tr class=\"row-2\">\n\t<td class=\"column-1\"><\/td><td class=\"column-2\"><\/td><td class=\"column-3\"><\/td><td class=\"column-4\"><\/td>\n<\/tr>\n<\/tbody>\n<\/table>\n<!-- #tablepress-63 from cache --><\/p>\n<p data-start=\"1229\" data-end=\"1294\"><img loading=\"lazy\" decoding=\"async\" class=\"aligncenter size-full wp-image-3777\" src=\"https:\/\/xn--institut-beaut-reims-o2b.com\/wp-content\/uploads\/2024\/02\/Logo-femme-rose2.png\" alt=\"\" width=\"65\" height=\"42\" \/><\/p>\n<h3 style=\"text-align: center;\" data-section-id=\"1wubu7h\" data-start=\"1301\" data-end=\"1346\"><strong>Atelier Maquillage Ado Reims (12-17 ans) (Individuel ou Duo)<\/strong><\/h3>\n<p><img loading=\"lazy\" decoding=\"async\" class=\"aligncenter size-medium wp-image-4774\" src=\"https:\/\/xn--institut-beaut-reims-o2b.com\/wp-content\/uploads\/2025\/06\/auto-maquillage-collectif-300x300.jpg\" alt=\"\" width=\"300\" height=\"300\" srcset=\"https:\/\/xn--institut-beaut-reims-o2b.com\/wp-content\/uploads\/2025\/06\/auto-maquillage-collectif-300x300.jpg 300w, https:\/\/xn--institut-beaut-reims-o2b.com\/wp-content\/uploads\/2025\/06\/auto-maquillage-collectif-1024x1024.jpg 1024w, https:\/\/xn--institut-beaut-reims-o2b.com\/wp-content\/uploads\/2025\/06\/auto-maquillage-collectif-150x150.jpg 150w, https:\/\/xn--institut-beaut-reims-o2b.com\/wp-content\/uploads\/2025\/06\/auto-maquillage-collectif-768x768.jpg 768w, https:\/\/xn--institut-beaut-reims-o2b.com\/wp-content\/uploads\/2025\/06\/auto-maquillage-collectif-75x75.jpg 75w, https:\/\/xn--institut-beaut-reims-o2b.com\/wp-content\/uploads\/2025\/06\/auto-maquillage-collectif-600x600.jpg 600w, https:\/\/xn--institut-beaut-reims-o2b.com\/wp-content\/uploads\/2025\/06\/auto-maquillage-collectif-100x100.jpg 100w, https:\/\/xn--institut-beaut-reims-o2b.com\/wp-content\/uploads\/2025\/06\/auto-maquillage-collectif.jpg 1080w\" sizes=\"auto, (max-width: 300px) 100vw, 300px\" \/><\/p>\n<p>&nbsp;<\/p>\n<p data-start=\"1388\" data-end=\"1431\"><strong data-start=\"1388\" data-end=\"1431\">Un moment convivial et p\u00e9dagogique pour apprendre \u00e0 se maquiller, en respectant sa peau et sa personnalit\u00e9.<br \/>\n<\/strong><\/p>\n<p data-start=\"1388\" data-end=\"1431\">Id\u00e9al pour les adolescentes souhaitant acqu\u00e9rir de bonnes bases et \u00e9viter les erreurs courantes.<\/p>\n\n<table id=\"tablepress-62\" class=\"tablepress tablepress-id-62\">\n<tbody class=\"row-hover\">\n<tr class=\"row-1\">\n\t<td class=\"column-1\"><\/td><td class=\"column-2\"><b>Bilan colorim\u00e9trie <\/b><br \/>\n<em>A la d\u00e9couverte des couleurs qui vous mettent en valeur en fonction de votre harmonie naturelle (peau, yeux, cheveux)<\/em>\t<\/td><td class=\"column-3\">90,00 \u20ac<\/td><td class=\"column-4\">60'<\/td>\n<\/tr>\n<tr class=\"row-2\">\n\t<td class=\"column-1\"><\/td><td class=\"column-2\"><\/td><td class=\"column-3\"><\/td><td class=\"column-4\"><\/td>\n<\/tr>\n<tr class=\"row-3\">\n\t<td class=\"column-1\"><\/td><td class=\"column-2\"><b>Cours de maquillage individuel  <\/b>:<br \/>\n- Explication des produits, textures, choix des pinceaux \u00e0 utiliser,<br \/>\n- R\u00e9alisation d'un maquillage pas \u00e0 pas (teint, sourcils, yeux, l\u00e8vres) en le faisant \u00e9voluer :<br \/>\n. Maquillage flash<br \/>\n. Maquillage jour<br \/>\n. Maquillage nuit<br \/>\n- Inventaire de votre trousse make up<br \/>\n- Petites astuces maquillage<br \/>\n- Gestes indispensables pour prendre soin de sa peau<\/td><td class=\"column-3\">135,00 \u20ac<\/td><td class=\"column-4\">90'<\/td>\n<\/tr>\n<tr class=\"row-4\">\n\t<td class=\"column-1\"><\/td><td class=\"column-2\"><\/td><td class=\"column-3\"><\/td><td class=\"column-4\"><\/td>\n<\/tr>\n<tr class=\"row-5\">\n\t<td class=\"column-1\"><\/td><td class=\"column-2\"><b>Cours de maquillage collectif <\/b><em>\t(maxi 6 personnes)<\/em>\t<br \/>\n- Explication des produits, textures, choix des pinceaux \u00e0 utiliser,<br \/>\n- R\u00e9alisation d'un maquillage pas \u00e0 pas (teint, sourcils, yeux, l\u00e8vres) en le faisant \u00e9voluer :<br \/>\n. Maquillage flash<br \/>\n. Maquillage jour<br \/>\n. Maquillage nuit<br \/>\n- Petites astuces maquillage<br \/>\n- Gestes indispensables pour prendre soin de sa peau<\/td><td class=\"column-3\">180,00 \u20ac<\/td><td class=\"column-4\">120'<\/td>\n<\/tr>\n<\/tbody>\n<\/table>\n<!-- #tablepress-62 from cache -->\n<p style=\"text-align: center;\">\n<div class=\"text-container scrollable flex\">\n<div class=\"flex flex-col text-sm pb-25\">\n<article class=\"text-token-text-primary w-full focus:outline-none [--shadow-height:45px] has-data-writing-block:pointer-events-none has-data-writing-block:-mt-(--shadow-height) has-data-writing-block:pt-(--shadow-height) [&amp;:has([data-writing-block])&gt;*]:pointer-events-auto scroll-mt-[calc(var(--header-height)+min(200px,max(70px,20svh)))]\" dir=\"auto\" tabindex=\"-1\" data-turn-id=\"request-WEB:9d2700f4-00ea-45d3-b808-1023c2de81ee-1\" data-testid=\"conversation-turn-4\" data-scroll-anchor=\"true\" data-turn=\"assistant\">\n<div class=\"text-base my-auto mx-auto pb-10 [--thread-content-margin:--spacing(4)] @w-sm\/main:[--thread-content-margin:--spacing(6)] @w-lg\/main:[--thread-content-margin:--spacing(16)] px-(--thread-content-margin)\">\n<div class=\"[--thread-content-max-width:40rem] @w-lg\/main:[--thread-content-max-width:48rem] mx-auto max-w-(--thread-content-max-width) flex-1 group\/turn-messages focus-visible:outline-hidden relative flex w-full min-w-0 flex-col agent-turn\" tabindex=\"-1\">\n<div class=\"flex max-w-full flex-col grow\">\n<div class=\"min-h-8 text-message relative flex w-full flex-col items-end gap-2 text-start break-words whitespace-normal [.text-message+&amp;]:mt-1\" dir=\"auto\" data-message-author-role=\"assistant\" data-message-id=\"19b97283-0dae-40ff-a31e-fcce0eb5dd1e\" data-message-model-slug=\"gpt-5-2\">\n<div class=\"flex w-full flex-col gap-1 empty:hidden first:pt-[1px]\">\n<h2 style=\"text-align: center;\">L'occasion de prendre un temps pour soi !<\/h2>\n<h2><img loading=\"lazy\" decoding=\"async\" class=\"aligncenter size-full wp-image-3777\" src=\"https:\/\/xn--institut-beaut-reims-o2b.com\/wp-content\/uploads\/2024\/02\/Logo-femme-rose2.png\" alt=\"\" width=\"65\" height=\"42\" \/><\/h2>\n<h2 style=\"text-align: center;\">Comment me contacter ?<\/h2>\n<p style=\"text-align: center;\">- par t\u00e9l\u00e9phone ou whatsApp : <strong>06 09 17 81 33<\/strong><\/p>\n<p style=\"text-align: center;\">- par mail : <strong>inma.delahorra@free.fr<\/strong><\/p>\n<p style=\"text-align: center;\">En attendant, je serai ravie de vous rencontrer et de vous accompagner !<\/p>\n<p style=\"text-align: center;\">Au plaisir de faire votre connaissance,<\/p>\n<p style=\"text-align: center;\">Inma<\/p>\n<p style=\"text-align: center;\">\n<\/div>\n<\/div>\n<\/div>\n<\/div>\n<\/div>\n<\/article>\n<\/div>\n<\/div>\n<div class=\"flex flex-col text-sm pb-25\">\n<article class=\"text-token-text-primary w-full focus:outline-none [--shadow-height:45px] has-data-writing-block:pointer-events-none has-data-writing-block:-mt-(--shadow-height) has-data-writing-block:pt-(--shadow-height) [&amp;:has([data-writing-block])&gt;*]:pointer-events-auto scroll-mt-[calc(var(--header-height)+min(200px,max(70px,20svh)))]\" dir=\"auto\" tabindex=\"-1\" data-turn-id=\"request-WEB:9d2700f4-00ea-45d3-b808-1023c2de81ee-1\" data-testid=\"conversation-turn-4\" data-scroll-anchor=\"true\" data-turn=\"assistant\">\n<div class=\"text-base my-auto mx-auto pb-10 [--thread-content-margin:--spacing(4)] @w-sm\/main:[--thread-content-margin:--spacing(6)] @w-lg\/main:[--thread-content-margin:--spacing(16)] px-(--thread-content-margin)\">\n<div class=\"[--thread-content-max-width:40rem] @w-lg\/main:[--thread-content-max-width:48rem] mx-auto max-w-(--thread-content-max-width) flex-1 group\/turn-messages focus-visible:outline-hidden relative flex w-full min-w-0 flex-col agent-turn\" tabindex=\"-1\">\n<div class=\"flex max-w-full flex-col grow\">\n<div class=\"min-h-8 text-message relative flex w-full flex-col items-end gap-2 text-start break-words whitespace-normal [.text-message+&amp;]:mt-1\" dir=\"auto\" data-message-author-role=\"assistant\" data-message-id=\"19b97283-0dae-40ff-a31e-fcce0eb5dd1e\" data-message-model-slug=\"gpt-5-2\">\n<div class=\"flex w-full flex-col gap-1 empty:hidden first:pt-[1px]\">\n<div class=\"markdown prose dark:prose-invert w-full wrap-break-word light markdown-new-styling\">\n<p data-start=\"2943\" data-end=\"3078\">\n<\/div>\n<\/div>\n<\/div>\n<\/div>\n<\/div>\n<\/div>\n<\/article>\n<\/div>\n<\/div>\n<\/div><\/div><\/div><\/div><\/div>","protected":false},"excerpt":{"rendered":"<p>Maquillage Junior Reims \u00ab\u00a0Premi\u00e8re mise en beaut\u00e9\u00a0\u00bb (8\u201311 ans) &nbsp; Une premi\u00e8re exp\u00e9rience maquillage douce et adapt\u00e9e Un moment cocooning pour se sentir jolie tout en respectant la peau jeune. Un maquillage tr\u00e8s l\u00e9ger, naturel et lumineux. Id\u00e9al pour : anniversaire, f\u00eate ou moment sp\u00e9cial. Maquillage Ado Reims \u00ab\u00a0Sublimation naturelle\u00a0\u00bb (12\u201317 ans) &nbsp; Un maquillage [&hellip;]<\/p>\n","protected":false},"author":1,"featured_media":0,"parent":0,"menu_order":0,"comment_status":"closed","ping_status":"closed","template":"","meta":{"_uag_custom_page_level_css":"","_exactmetrics_skip_tracking":false,"_exactmetrics_sitenote_active":false,"_exactmetrics_sitenote_note":"","_exactmetrics_sitenote_category":0,"iawp_total_views":0,"footnotes":""},"class_list":["post-6050","page","type-page","status-publish","hentry"],"uagb_featured_image_src":{"full":false,"thumbnail":false,"medium":false,"medium_large":false,"large":false,"1536x1536":false,"2048x2048":false,"widget-thumbnail":false,"mailpoet_newsletter_max":false,"woocommerce_thumbnail":false,"woocommerce_single":false,"woocommerce_gallery_thumbnail":false,"sow-carousel-default":false},"uagb_author_info":{"display_name":"admin8743","author_link":"https:\/\/xn--institut-beaut-reims-o2b.com\/index.php\/author\/admin8743\/"},"uagb_comment_info":0,"uagb_excerpt":"Maquillage Junior Reims \"Premi\u00e8re mise en beaut\u00e9\" (8\u201311 ans) &nbsp; Une premi\u00e8re exp\u00e9rience maquillage douce et adapt\u00e9e Un moment cocooning pour se sentir jolie tout en respectant la peau jeune. Un maquillage tr\u00e8s l\u00e9ger, naturel et lumineux. Id\u00e9al pour : anniversaire, f\u00eate ou moment sp\u00e9cial. Maquillage Ado Reims \"Sublimation naturelle\" (12\u201317 ans) &nbsp; Un maquillage\u2026","_links":{"self":[{"href":"https:\/\/xn--institut-beaut-reims-o2b.com\/index.php\/wp-json\/wp\/v2\/pages\/6050","targetHints":{"allow":["GET"]}}],"collection":[{"href":"https:\/\/xn--institut-beaut-reims-o2b.com\/index.php\/wp-json\/wp\/v2\/pages"}],"about":[{"href":"https:\/\/xn--institut-beaut-reims-o2b.com\/index.php\/wp-json\/wp\/v2\/types\/page"}],"author":[{"embeddable":true,"href":"https:\/\/xn--institut-beaut-reims-o2b.com\/index.php\/wp-json\/wp\/v2\/users\/1"}],"replies":[{"embeddable":true,"href":"https:\/\/xn--institut-beaut-reims-o2b.com\/index.php\/wp-json\/wp\/v2\/comments?post=6050"}],"version-history":[{"count":19,"href":"https:\/\/xn--institut-beaut-reims-o2b.com\/index.php\/wp-json\/wp\/v2\/pages\/6050\/revisions"}],"predecessor-version":[{"id":6105,"href":"https:\/\/xn--institut-beaut-reims-o2b.com\/index.php\/wp-json\/wp\/v2\/pages\/6050\/revisions\/6105"}],"wp:attachment":[{"href":"https:\/\/xn--institut-beaut-reims-o2b.com\/index.php\/wp-json\/wp\/v2\/media?parent=6050"}],"curies":[{"name":"wp","href":"https:\/\/api.w.org\/{rel}","templated":true}]}}