{"id":2709,"date":"2022-11-04T10:00:21","date_gmt":"2022-11-04T09:00:21","guid":{"rendered":"https:\/\/xn--institut-beaut-reims-o2b.com\/?post_type=product&#038;p=2709"},"modified":"2025-11-22T09:44:23","modified_gmt":"2025-11-22T08:44:23","slug":"modelage-signature-inmaromasens-2","status":"publish","type":"product","link":"https:\/\/xn--institut-beaut-reims-o2b.com\/index.php\/produit\/modelage-signature-inmaromasens-2\/","title":{"rendered":"Modelage Sensoriel Inm\u2019AromaSens"},"content":{"rendered":"<p>*Bon cadeau valable 3 mois (perte de validit\u00e9 au-del\u00e0 de la date d\u2019achat except\u00e9 motif m\u00e9dical).<br \/>\nNon remboursable, non \u00e9changeable, non transmissible et non cumulable avec une offre en cours ou un forfait.<\/p>\n","protected":false},"excerpt":{"rendered":"<p>Bon cadeau \u00e0 valoir pour<br \/>\n<strong>modelage Sensoriel Inm\u2019AromaSens (60 mn)<\/strong><\/p>\n<p>Laissez-vous emporter par un voyage sensoriel unique\u2026<br \/>\nCe soin, cr\u00e9\u00e9 par mes soins, allie gliss\u00e9s enveloppants, p\u00e9trissages profonds et \u00e9tirements doux, pour induire une d\u00e9tente physique et mentale profonde. Du bout des pieds jusqu\u2019au cuir chevelu, chaque geste est pens\u00e9 avec soin pour harmoniser le corps et l\u2019esprit.<br \/>\nUn moment de s\u00e9r\u00e9nit\u00e9 absolue, o\u00f9 le temps semble suspendu\u2026<\/p>\n<p>En Click and Collect, votre bon cadeau est pr\u00eat \u00e0 offrir dans une jolie enveloppe.<\/p>\n<p>&nbsp;<\/p>\n","protected":false},"featured_media":5045,"comment_status":"open","ping_status":"closed","template":"","meta":{"_uag_custom_page_level_css":"","_exactmetrics_skip_tracking":false,"_exactmetrics_sitenote_active":false,"_exactmetrics_sitenote_note":"","_exactmetrics_sitenote_category":0,"iawp_total_views":4},"product_brand":[],"product_cat":[32],"product_tag":[],"giftcard-category":[],"class_list":{"0":"post-2709","1":"product","2":"type-product","3":"status-publish","4":"has-post-thumbnail","6":"product_cat-bons-cadeaux-click-and-collect","8":"first","9":"instock","10":"taxable","11":"shipping-taxable","12":"purchasable","13":"product-type-simple"},"uagb_featured_image_src":{"full":["https:\/\/xn--institut-beaut-reims-o2b.com\/wp-content\/uploads\/2022\/11\/CC-Bons-cadeaux-Modelage-InmAromaSens.jpg",595,283,false],"thumbnail":["https:\/\/xn--institut-beaut-reims-o2b.com\/wp-content\/uploads\/2022\/11\/CC-Bons-cadeaux-Modelage-InmAromaSens-150x150.jpg",150,150,true],"medium":["https:\/\/xn--institut-beaut-reims-o2b.com\/wp-content\/uploads\/2022\/11\/CC-Bons-cadeaux-Modelage-InmAromaSens-300x143.jpg",300,143,true],"medium_large":["https:\/\/xn--institut-beaut-reims-o2b.com\/wp-content\/uploads\/2022\/11\/CC-Bons-cadeaux-Modelage-InmAromaSens.jpg",595,283,false],"large":["https:\/\/xn--institut-beaut-reims-o2b.com\/wp-content\/uploads\/2022\/11\/CC-Bons-cadeaux-Modelage-InmAromaSens.jpg",595,283,false],"1536x1536":["https:\/\/xn--institut-beaut-reims-o2b.com\/wp-content\/uploads\/2022\/11\/CC-Bons-cadeaux-Modelage-InmAromaSens.jpg",595,283,false],"2048x2048":["https:\/\/xn--institut-beaut-reims-o2b.com\/wp-content\/uploads\/2022\/11\/CC-Bons-cadeaux-Modelage-InmAromaSens.jpg",595,283,false],"widget-thumbnail":["https:\/\/xn--institut-beaut-reims-o2b.com\/wp-content\/uploads\/2022\/11\/CC-Bons-cadeaux-Modelage-InmAromaSens-75x75.jpg",75,75,true],"mailpoet_newsletter_max":["https:\/\/xn--institut-beaut-reims-o2b.com\/wp-content\/uploads\/2022\/11\/CC-Bons-cadeaux-Modelage-InmAromaSens.jpg",595,283,false],"woocommerce_thumbnail":["https:\/\/xn--institut-beaut-reims-o2b.com\/wp-content\/uploads\/2022\/11\/CC-Bons-cadeaux-Modelage-InmAromaSens-300x283.jpg",300,283,true],"woocommerce_single":["https:\/\/xn--institut-beaut-reims-o2b.com\/wp-content\/uploads\/2022\/11\/CC-Bons-cadeaux-Modelage-InmAromaSens.jpg",595,283,false],"woocommerce_gallery_thumbnail":["https:\/\/xn--institut-beaut-reims-o2b.com\/wp-content\/uploads\/2022\/11\/CC-Bons-cadeaux-Modelage-InmAromaSens-100x100.jpg",100,100,true],"sow-carousel-default":["https:\/\/xn--institut-beaut-reims-o2b.com\/wp-content\/uploads\/2022\/11\/CC-Bons-cadeaux-Modelage-InmAromaSens-272x182.jpg",272,182,true]},"uagb_author_info":{"display_name":"admin8743","author_link":"https:\/\/xn--institut-beaut-reims-o2b.com\/index.php\/author\/"},"uagb_comment_info":0,"uagb_excerpt":"Bon cadeau \u00e0 valoir pour modelage Sensoriel Inm\u2019AromaSens (60 mn) Laissez-vous emporter par un voyage sensoriel unique\u2026 Ce soin, cr\u00e9\u00e9 par mes soins, allie gliss\u00e9s enveloppants, p\u00e9trissages profonds et \u00e9tirements doux, pour induire une d\u00e9tente physique et mentale profonde. Du bout des pieds jusqu\u2019au cuir chevelu, chaque geste est pens\u00e9 avec soin pour harmoniser le\u2026","_links":{"self":[{"href":"https:\/\/xn--institut-beaut-reims-o2b.com\/index.php\/wp-json\/wp\/v2\/product\/2709","targetHints":{"allow":["GET"]}}],"collection":[{"href":"https:\/\/xn--institut-beaut-reims-o2b.com\/index.php\/wp-json\/wp\/v2\/product"}],"about":[{"href":"https:\/\/xn--institut-beaut-reims-o2b.com\/index.php\/wp-json\/wp\/v2\/types\/product"}],"replies":[{"embeddable":true,"href":"https:\/\/xn--institut-beaut-reims-o2b.com\/index.php\/wp-json\/wp\/v2\/comments?post=2709"}],"wp:featuredmedia":[{"embeddable":true,"href":"https:\/\/xn--institut-beaut-reims-o2b.com\/index.php\/wp-json\/wp\/v2\/media\/5045"}],"wp:attachment":[{"href":"https:\/\/xn--institut-beaut-reims-o2b.com\/index.php\/wp-json\/wp\/v2\/media?parent=2709"}],"wp:term":[{"taxonomy":"product_brand","embeddable":true,"href":"https:\/\/xn--institut-beaut-reims-o2b.com\/index.php\/wp-json\/wp\/v2\/product_brand?post=2709"},{"taxonomy":"product_cat","embeddable":true,"href":"https:\/\/xn--institut-beaut-reims-o2b.com\/index.php\/wp-json\/wp\/v2\/product_cat?post=2709"},{"taxonomy":"product_tag","embeddable":true,"href":"https:\/\/xn--institut-beaut-reims-o2b.com\/index.php\/wp-json\/wp\/v2\/product_tag?post=2709"},{"taxonomy":"giftcard-category","embeddable":true,"href":"https:\/\/xn--institut-beaut-reims-o2b.com\/index.php\/wp-json\/wp\/v2\/giftcard-category?post=2709"}],"curies":[{"name":"wp","href":"https:\/\/api.w.org\/{rel}","templated":true}]}}